{"id":120,"date":"2025-06-12T09:49:06","date_gmt":"2025-06-12T07:49:06","guid":{"rendered":"http:\/\/balancetonstress.com\/?page_id=120"},"modified":"2026-03-06T14:22:04","modified_gmt":"2026-03-06T13:22:04","slug":"nos-animateurs-certifies-balance-ton-stress","status":"publish","type":"page","link":"https:\/\/balancetonstress.com\/?page_id=120","title":{"rendered":"Nos animateurs certifi\u00e9s Balance ton Stress \u00a9"},"content":{"rendered":"\n<h3 class=\"wp-block-heading\">Aline Schurgers <\/h3>\n\n\n\n<p><strong>R\u00e9gion :<\/strong> Bruxelles\/Wallonie\/France<br><strong>Langues :<\/strong> Fran\u00e7ais, Anglais, Espagnol<br><strong>Email :<\/strong> <a href=\"mailto:aline.schurgers@gmail.com\">aline.schurgers@gmail.com<\/a><br>T<strong>\u00e9l\u00e9phone :<\/strong> 0471 85 19 40<\/p>\n\n\n\n<p><strong>Formation :<\/strong> 2020<\/p>\n\n\n\n<p><strong>Pr\u00e9sentation :<\/strong> Aline est psychologue, coach ACC, formatrice et co-cr\u00e9atrice de Balance ton Stress. Elle utilise principalement l\u2019outil dans le cadre de formations \u00e0 la gestion du stress et pr\u00e9vention du burnout en entreprise, ainsi que pour les team buildings.<\/p>\n\n\n\n<p><strong>Contextes :<\/strong> Individuel, \u00c9quipe \/ entreprise, Secteur m\u00e9dico-social, Coaching \/ th\u00e9rapie, Supervision \/ intervision<\/p>\n\n\n\n<p><strong>Liens :<\/strong> <a href=\"https:\/\/www.linkedin.com\/in\/aline-schurgers\" target=\"_blank\" rel=\"noreferrer noopener\">LinkedIn<\/a> | <a href=\"https:\/\/alineschurgers.com\" target=\"_blank\" rel=\"noreferrer noopener\">Site web<\/a><\/p>\n\n\n\n<p>_________________________________________________<\/p>\n\n\n\n<h3 class=\"wp-block-heading\">Mathilde Page<\/h3>\n\n\n\n<p><strong>R\u00e9gion :<\/strong> Hainaut \/ Brabant Wallon \/ Namur \/ Bruxelles<br><strong>Langue :<\/strong> Fran\u00e7ais<br><strong>Email :<\/strong> <a href=\"mailto:mathilde.page@cfip.be\">mathilde.page@cfip.be<\/a><\/p>\n\n\n\n<p><strong>Formation :<\/strong> Promo juin 2024<\/p>\n\n\n\n<p><strong>Pr\u00e9sentation :<\/strong> Mathilde est sociologue sp\u00e9cialis\u00e9e dans la syst\u00e9mique des organisations et la psychosociologie. Elle enseigne \u00e0 l\u2019ULB, forme avec le CFIP et Team Out of The Box. Elle cr\u00e9e des espaces doux, dr\u00f4les et profonds pour accompagner les \u00e9quipes \u00e0 se r\u00e9inventer.<\/p>\n\n\n\n<p><strong>Contextes :<\/strong> Individuel, \u00c9quipe \/ entreprise, Secteur m\u00e9dico-social, Autre : Team building \/ parentalit\u00e9<\/p>\n\n\n\n<p><strong>Liens :<\/strong> <a href=\"https:\/\/www.linkedin.com\/in\/mathilde-page-98237141\/\" target=\"_blank\" rel=\"noreferrer noopener\">LinkedIn<\/a><\/p>\n\n\n\n\n\n<h3 class=\"wp-block-heading\"><strong>_________________________________________________<\/strong><\/h3>\n\n\n\n<h3 class=\"wp-block-heading\"><strong>Val\u00e9rie Lebrun<\/strong><\/h3>\n\n\n\n<p><strong>R\u00e9gion :<\/strong> Bruxelles et environs<br><strong>Langue :<\/strong> Fran\u00e7ais<br><strong>Email :<\/strong> <a href=\"mailto:valerie.lebrun@gmail.com\">valerie.lebrun@gmail.com<\/a><\/p>\n\n\n\n<p><strong>Formation :<\/strong> 2020<\/p>\n\n\n\n<p><strong>Pr\u00e9sentation :<\/strong> Val\u00e9rie est psychologue, coach, formatrice et co-cr\u00e9atrice de Balance ton Stress. Sp\u00e9cialiste du stress et du trauma, elle anime avec conviction et humour, elle exerce l\u2019art de poser des questions qui bousculent les sch\u00e9mas.<\/p>\n\n\n\n<p><strong>Contextes :<\/strong> Individuel, \u00c9quipe \/ entreprise, Secteur m\u00e9dico-social, Famille, Enfants \/ ados, Coaching \/ th\u00e9rapie, Supervision \/ intervision<\/p>\n\n\n\n<p><strong>Liens :<\/strong> <a href=\"https:\/\/www.valerielebrun.be\" target=\"_blank\" rel=\"noreferrer noopener\">Site web<\/a> | <a href=\"https:\/\/www.linkedin.com\/in\/val\u00e9rie-lebrun-4393186\" target=\"_blank\" rel=\"noreferrer noopener\">LinkedIn<\/a><\/p>\n\n\n\n<p>_________________________________________________<\/p>\n\n\n\n<h3 class=\"wp-block-heading\">Emilie Wiliquet<\/h3>\n\n\n\n<p><strong>R\u00e9gion :<\/strong> Bruxelles, Li\u00e8ge, Namur, Flandre<br><strong>Langues :<\/strong> Fran\u00e7ais, N\u00e9erlandais, Anglais<br><strong>Email :<\/strong> <a href=\"mailto:emilie.wiliquet@cfip.be\">emilie.wiliquet@cfip.be<\/a><br><strong>T\u00e9l\u00e9phone :<\/strong> 0485 67 30 79<\/p>\n\n\n\n<p><strong>Formation :<\/strong> Promo juin 2024<\/p>\n\n\n\n<p><strong>Pr\u00e9sentation :<\/strong> Emilie est coach certifi\u00e9e ICF et formatrice en gestion du stress. Avec Balance ton Stress, elle booste clart\u00e9 mentale, \u00e9nergie et s\u00e9r\u00e9nit\u00e9. Une alli\u00e9e cash, humaine et engag\u00e9e\u2026 m\u00eame quand ton cerveau ressemble \u00e0 un onglet Chrome jamais referm\u00e9.<\/p>\n\n\n\n<p><strong>Contextes :<\/strong> Individuel, \u00c9quipe \/ entreprise, Secteur m\u00e9dico-social, Coaching \/ th\u00e9rapie, Supervision \/ intervision<\/p>\n\n\n\n<p><strong>Liens :<\/strong> <a href=\"https:\/\/www.linkedin.be\/wiliquet.emilie\" target=\"_blank\" rel=\"noreferrer noopener\">LinkedIn<\/a> | <a href=\"https:\/\/www.ensowellbeing.be\" target=\"_blank\" rel=\"noreferrer noopener\">Site web<\/a><\/p>\n\n\n\n<p>_________________________________________________<\/p>\n\n\n\n<h3 class=\"wp-block-heading\">Antoine Feron<\/h3>\n\n\n\n<p><strong>R\u00e9gion :<\/strong> R\u00e9gion Wallonne \/ Namur<br><strong>Langues :<\/strong> Fran\u00e7ais<br><strong>Email :<\/strong> <a href=\"mailto:emilie.wiliquet@cfip.be\">info@antoineferon.be<\/a><\/p>\n\n\n\n<p><strong>Formation :<\/strong> Promo juin 2024<\/p>\n\n\n\n<p><strong>Pr\u00e9sentation :<\/strong> Docteur en sciences politiques et sociales, Antoine est facilitateur en intelligence collective et formateur dans le domaine du management.<br>Il accompagne les managers et leurs \u00e9quipes vers l\u2019\u00e9panouissement et la performance collective.<br>Avec Balance ton stress il anime des ateliers porteurs de sens en misant sur l&rsquo;intelligence collective.<\/p>\n\n\n\n<p><strong>Contextes :<\/strong> \u00c9quipe \/ entreprise, Supervision \/ intervision<\/p>\n\n\n\n<p><strong>Liens :<\/strong> <a href=\"https:\/\/www.linkedin.com\/in\/antoine-feron\/\" target=\"_blank\" rel=\"noreferrer noopener\">LinkedIn<\/a><\/p>\n\n\n\n<p>_________________________________________________<\/p>\n\n\n\n<h3 class=\"wp-block-heading\">Corinne Vandenberghe<\/h3>\n\n\n\n<p><strong>R\u00e9gion :<\/strong> Bruxelles<br><strong>Langues :<\/strong> Fran\u00e7ais<br><strong>Email :<\/strong> <a href=\"mailto:emilie.wiliquet@cfip.be\">Corinne.vandenberghe@oli-and-co.be<\/a><\/p>\n\n\n\n<p><strong>Formation :<\/strong> Promo juin 2024<\/p>\n\n\n\n<p><strong>Pr\u00e9sentation :<\/strong> Corinne est formatrice, coach et consultante principalement dans les risques psychosociaux au travail et la gestion de l\u2019absent\u00e9isme. Elle utilise Balance ton stress en s\u2019adaptant au public et \u00e0 ses besoins, avec le regard de la psychologue et conseill\u00e8re en pr\u00e9vention.<\/p>\n\n\n\n<p><strong>Contextes :<\/strong> Individuel, \u00c9quipe \/ entreprise, Coaching \/ th\u00e9rapie, Supervision \/ intervision<\/p>\n\n\n\n<p>_________________________________________________<\/p>\n\n\n\n\n\n<p>R\u00e9gion&nbsp;: Wallonie &amp; Bruxelles<\/p>\n\n\n\n<p>Langues&nbsp;: Fran\u00e7ais, Anglais, Italien<\/p>\n\n\n\n<p>E-mail&nbsp;: monica.schettino@gmail.com<\/p>\n\n\n\n<p>Formation&nbsp;: Promo 2025<\/p>\n\n\n\n<p>Pr\u00e9sentation&nbsp;: <strong>Monica<\/strong> est coach en bien-\u00eatre physique et mental. Forte d\u2019une expertise en <strong>gestion du stress et pr\u00e9vention du burn-out<\/strong>, en <strong>nutrition et neuronutrition<\/strong>, ainsi qu\u2019en <strong>activit\u00e9 physique et techniques de relaxation<\/strong>, elle propose une <strong>approche holistique et int\u00e9gr\u00e9e<\/strong> du bien-\u00eatre.<br>Son objectif : accompagner chaque personne dans la mise en place de <strong>changements durables<\/strong> et de <strong>styles de vie \u00e9panouissants<\/strong>, favorisant un meilleur \u00e9quilibre entre vie priv\u00e9e et vie professionnelle.<\/p>\n\n\n\n<p>Animatrice en entreprise pour le bien-\u00eatre au travail, Team-Building,<\/p>\n\n\n\n<p>Contexte&nbsp;: individuel \u2013 groupe \u2013 \u00e9quipe \u2013 corporate<\/p>\n\n\n\n<p>Site web\u00a0: <a href=\"http:\/\/www.reactive-coaching.be\">www.reactive-coaching.be<\/a><\/p>\n\n\n\n<p><a href=\"https:\/\/www.linkedin.com\/in\/monica-schettino\">https:\/\/www.linkedin.com\/in\/monica-schettino<\/a><\/p>\n\n\n\n<p><\/p>\n","protected":false},"excerpt":{"rendered":"<p>Aline Schurgers R\u00e9gion : Bruxelles\/Wallonie\/FranceLangues : Fran\u00e7ais, Anglais, EspagnolEmail : aline.schurgers@gmail.comT\u00e9l\u00e9phone : 0471 85 19 40 Formation : 2020 Pr\u00e9sentation : Aline est psychologue, coach ACC, formatrice et co-cr\u00e9atrice de Balance ton Stress. Elle utilise principalement l\u2019outil dans le cadre de formations \u00e0 la gestion du stress et pr\u00e9vention du burnout en entreprise, ainsi que [&hellip;]<\/p>\n","protected":false},"author":1,"featured_media":0,"parent":0,"menu_order":7,"comment_status":"closed","ping_status":"closed","template":"","meta":{"saved_in_kubio":true,"footnotes":""},"class_list":["post-120","page","type-page","status-publish","hentry"],"kubio_ai_page_context":{"short_desc":"","purpose":"general"},"_links":{"self":[{"href":"https:\/\/balancetonstress.com\/index.php?rest_route=\/wp\/v2\/pages\/120","targetHints":{"allow":["GET"]}}],"collection":[{"href":"https:\/\/balancetonstress.com\/index.php?rest_route=\/wp\/v2\/pages"}],"about":[{"href":"https:\/\/balancetonstress.com\/index.php?rest_route=\/wp\/v2\/types\/page"}],"author":[{"embeddable":true,"href":"https:\/\/balancetonstress.com\/index.php?rest_route=\/wp\/v2\/users\/1"}],"replies":[{"embeddable":true,"href":"https:\/\/balancetonstress.com\/index.php?rest_route=%2Fwp%2Fv2%2Fcomments&post=120"}],"version-history":[{"count":7,"href":"https:\/\/balancetonstress.com\/index.php?rest_route=\/wp\/v2\/pages\/120\/revisions"}],"predecessor-version":[{"id":551,"href":"https:\/\/balancetonstress.com\/index.php?rest_route=\/wp\/v2\/pages\/120\/revisions\/551"}],"wp:attachment":[{"href":"https:\/\/balancetonstress.com\/index.php?rest_route=%2Fwp%2Fv2%2Fmedia&parent=120"}],"curies":[{"name":"wp","href":"https:\/\/api.w.org\/{rel}","templated":true}]}}

Nos animateurs certifiés Balance ton Stress ©

<h3 class="wp-block-heading">Aline Schurgers </h3>



<p><strong>Région :</strong> Bruxelles/Wallonie/France<br><strong>Langues :</strong> Français, Anglais, Espagnol<br><strong>Email :</strong> <a href="mailto:aline.schurgers@gmail.com">aline.schurgers@gmail.com</a><br>T<strong>éléphone :</strong> 0471 85 19 40</p>



<p><strong>Formation :</strong> 2020</p>



<p><strong>Présentation :</strong> Aline est psychologue, coach ACC, formatrice et co-créatrice de Balance ton Stress. Elle utilise principalement l’outil dans le cadre de formations à la gestion du stress et prévention du burnout en entreprise, ainsi que pour les team buildings.</p>



<p><strong>Contextes :</strong> Individuel, Équipe / entreprise, Secteur médico-social, Coaching / thérapie, Supervision / intervision</p>



<p><strong>Liens :</strong> <a href="https://www.linkedin.com/in/aline-schurgers" target="_blank" rel="noreferrer noopener">LinkedIn</a> | <a href="https://alineschurgers.com" target="_blank" rel="noreferrer noopener">Site web</a></p>



<p>_________________________________________________</p>



<h3 class="wp-block-heading">Mathilde Page</h3>



<p><strong>Région :</strong> Hainaut / Brabant Wallon / Namur / Bruxelles<br><strong>Langue :</strong> Français<br><strong>Email :</strong> <a href="mailto:mathilde.page@cfip.be">mathilde.page@cfip.be</a></p>



<p><strong>Formation :</strong> Promo juin 2024</p>



<p><strong>Présentation :</strong> Mathilde est sociologue spécialisée dans la systémique des organisations et la psychosociologie. Elle enseigne à l’ULB, forme avec le CFIP et Team Out of The Box. Elle crée des espaces doux, drôles et profonds pour accompagner les équipes à se réinventer.</p>



<p><strong>Contextes :</strong> Individuel, Équipe / entreprise, Secteur médico-social, Autre : Team building / parentalité</p>



<p><strong>Liens :</strong> <a href="https://www.linkedin.com/in/mathilde-page-98237141/" target="_blank" rel="noreferrer noopener">LinkedIn</a></p>





<h3 class="wp-block-heading"><strong>_________________________________________________</strong></h3>



<h3 class="wp-block-heading"><strong>Valérie Lebrun</strong></h3>



<p><strong>Région :</strong> Bruxelles et environs<br><strong>Langue :</strong> Français<br><strong>Email :</strong> <a href="mailto:valerie.lebrun@gmail.com">valerie.lebrun@gmail.com</a></p>



<p><strong>Formation :</strong> 2020</p>



<p><strong>Présentation :</strong> Valérie est psychologue, coach, formatrice et co-créatrice de Balance ton Stress. Spécialiste du stress et du trauma, elle anime avec conviction et humour, elle exerce l’art de poser des questions qui bousculent les schémas.</p>



<p><strong>Contextes :</strong> Individuel, Équipe / entreprise, Secteur médico-social, Famille, Enfants / ados, Coaching / thérapie, Supervision / intervision</p>



<p><strong>Liens :</strong> <a href="https://www.valerielebrun.be" target="_blank" rel="noreferrer noopener">Site web</a> | <a href="https://www.linkedin.com/in/valérie-lebrun-4393186" target="_blank" rel="noreferrer noopener">LinkedIn</a></p>



<p>_________________________________________________</p>



<h3 class="wp-block-heading">Emilie Wiliquet</h3>



<p><strong>Région :</strong> Bruxelles, Liège, Namur, Flandre<br><strong>Langues :</strong> Français, Néerlandais, Anglais<br><strong>Email :</strong> <a href="mailto:emilie.wiliquet@cfip.be">emilie.wiliquet@cfip.be</a><br><strong>Téléphone :</strong> 0485 67 30 79</p>



<p><strong>Formation :</strong> Promo juin 2024</p>



<p><strong>Présentation :</strong> Emilie est coach certifiée ICF et formatrice en gestion du stress. Avec Balance ton Stress, elle booste clarté mentale, énergie et sérénité. Une alliée cash, humaine et engagée… même quand ton cerveau ressemble à un onglet Chrome jamais refermé.</p>



<p><strong>Contextes :</strong> Individuel, Équipe / entreprise, Secteur médico-social, Coaching / thérapie, Supervision / intervision</p>



<p><strong>Liens :</strong> <a href="https://www.linkedin.be/wiliquet.emilie" target="_blank" rel="noreferrer noopener">LinkedIn</a> | <a href="https://www.ensowellbeing.be" target="_blank" rel="noreferrer noopener">Site web</a></p>



<p>_________________________________________________</p>



<h3 class="wp-block-heading">Antoine Feron</h3>



<p><strong>Région :</strong> Région Wallonne / Namur<br><strong>Langues :</strong> Français<br><strong>Email :</strong> <a href="mailto:emilie.wiliquet@cfip.be">info@antoineferon.be</a></p>



<p><strong>Formation :</strong> Promo juin 2024</p>



<p><strong>Présentation :</strong> Docteur en sciences politiques et sociales, Antoine est facilitateur en intelligence collective et formateur dans le domaine du management.<br>Il accompagne les managers et leurs équipes vers l’épanouissement et la performance collective.<br>Avec Balance ton stress il anime des ateliers porteurs de sens en misant sur l&rsquo;intelligence collective.</p>



<p><strong>Contextes :</strong> Équipe / entreprise, Supervision / intervision</p>



<p><strong>Liens :</strong> <a href="https://www.linkedin.com/in/antoine-feron/" target="_blank" rel="noreferrer noopener">LinkedIn</a></p>



<p>_________________________________________________</p>



<h3 class="wp-block-heading">Corinne Vandenberghe</h3>



<p><strong>Région :</strong> Bruxelles<br><strong>Langues :</strong> Français<br><strong>Email :</strong> <a href="mailto:emilie.wiliquet@cfip.be">Corinne.vandenberghe@oli-and-co.be</a></p>



<p><strong>Formation :</strong> Promo juin 2024</p>



<p><strong>Présentation :</strong> Corinne est formatrice, coach et consultante principalement dans les risques psychosociaux au travail et la gestion de l’absentéisme. Elle utilise Balance ton stress en s’adaptant au public et à ses besoins, avec le regard de la psychologue et conseillère en prévention.</p>



<p><strong>Contextes :</strong> Individuel, Équipe / entreprise, Coaching / thérapie, Supervision / intervision</p>



<p>_________________________________________________</p>





<p>Région&nbsp;: Wallonie &amp; Bruxelles</p>



<p>Langues&nbsp;: Français, Anglais, Italien</p>



<p>E-mail&nbsp;: monica.schettino@gmail.com</p>



<p>Formation&nbsp;: Promo 2025</p>



<p>Présentation&nbsp;: <strong>Monica</strong> est coach en bien-être physique et mental. Forte d’une expertise en <strong>gestion du stress et prévention du burn-out</strong>, en <strong>nutrition et neuronutrition</strong>, ainsi qu’en <strong>activité physique et techniques de relaxation</strong>, elle propose une <strong>approche holistique et intégrée</strong> du bien-être.<br>Son objectif : accompagner chaque personne dans la mise en place de <strong>changements durables</strong> et de <strong>styles de vie épanouissants</strong>, favorisant un meilleur équilibre entre vie privée et vie professionnelle.</p>



<p>Animatrice en entreprise pour le bien-être au travail, Team-Building,</p>



<p>Contexte&nbsp;: individuel – groupe – équipe – corporate</p>



<p>Site web : <a href="http://www.reactive-coaching.be">www.reactive-coaching.be</a></p>



<p><a href="https://www.linkedin.com/in/monica-schettino">https://www.linkedin.com/in/monica-schettino</a></p>



<p></p>

<p>Aline Schurgers Région : Bruxelles/Wallonie/FranceLangues : Français, Anglais, EspagnolEmail : aline.schurgers@gmail.comTéléphone : 0471 85 19 40 Formation : 2020 Présentation : Aline est psychologue, coach ACC, formatrice et co-créatrice de Balance ton Stress. Elle utilise principalement l’outil dans le cadre de formations à la gestion du stress et prévention du burnout en entreprise, ainsi que [&hellip;]</p>
